ivide 197376?
True
Is 189 a factor of 482706?
True
Does 289 divide 644181?
True
Is 199565 a multiple of 239?
True
Is 2 a factor of 388479?
False
Does 454 divide 51135?
False
Is 3718806 a multiple of 39?
True
Is 901810 a multiple of 26?
True
Is 189 a factor of 594126?
False
Is 1418607 a multiple of 60?
False
Is 509 a factor of 3674534?
False
Does 5 divide 675635?
True
Is 3317601 a multiple of 357?
True
Is 6798673 a multiple of 29?
True
Is 38 a factor of 7067767?
False
Does 639 divide 114511?
False
Is 9 a factor of 1053207?
True
Does 13 divide 232544?
True
Is 598 a factor of 917060?
False
Is 593 a factor of 896023?
True
Is 57188 a multiple of 34?
True
Is 25846 a multiple of 27?
False
Does 54 divide 623642?
False
Is 380628 a multiple of 36?
True
Does 349 divide 66924?
False
Is 1836000 a multiple of 68?
True
Is 27416237 a multiple of 43?
False
Does 674 divide 2607032?
True
Is 1709353 a multiple of 507?
False
Does 286 divide 1944228?
True
Is 1620967 a multiple of 401?
False
Is 1245608 a multiple of 232?
True
Is 76812 a multiple of 148?
True
Is 786147 a multiple of 19?
False
Is 1990256 a multiple of 53?
True
Is 6 a factor of 416368?
False
Does 32 divide 13709078?
False
Does 10 divide 41932?
False
Does 165 divide 3779490?
True
Is 342 a factor of 1526634?
False
Is 1426144 a multiple of 4?
True
Does 10 divide 10048?
False
Is 1361566 a multiple of 2?
True
Is 17338160 a multiple of 190?
False
Is 4055616 a multiple of 576?
True
Is 31 a factor of 255421?
False
Is 67535 a multiple of 7?
False
Does 167 divide 69472?
True
Is 291649 a multiple of 3?
False
Is 78 a factor of 4884360?
True
Does 61 divide 203227?
False
Does 43 divide 124502?
False
Is 27 a factor of 381753?
True
Is 85963 a multiple of 59?
True
Does 30 divide 23130?
True
Is 66 a factor of 1038?
False
Does 16 divide 893680?
True
Does 1301 divide 3713716?
False
Is 9 a factor of 1818010?
False
Is 26 a factor of 21632?
True
Does 15 divide 107910?
True
Is 12342356 a multiple of 923?
True
Does 56 divide 1409061?
False
Is 17809055 a multiple of 313?
False
Is 2810 a multiple of 33?
False
Is 56144 even?
True
Is 183496 a multiple of 18?
False
Is 2504277 a multiple of 533?
False
Is 4 a factor of 24671?
False
Is 131283 a multiple of 261?
True
Is 547391 a multiple of 309?
False
Does 74 divide 848687?
False
Is 10 a factor of 145070?
True
Is 394 a factor of 50432?
True
Is 30035 a multiple of 12?
False
Is 9 a factor of 1347057?
True
Is 374 a factor of 42636?
True
Is 91862 a multiple of 112?
False
Is 1027975 a multiple of 65?
True
Does 124 divide 166532?
True
Is 121 a factor of 1676334?
True
Is 57 a factor of 28330?
False
Is 900481 a multiple of 492?
False
Is 963340 a multiple of 76?
False
Does 11 divide 2188923?
True
Is 66061 a multiple of 40?
False
Is 233 a factor of 2048769?
True
Is 95 a factor of 566390?
True
Does 27 divide 18522?
True
Is 97512 a multiple of 22?
False
Does 43 divide 651020?
True
Does 71 divide 170613?
True
Does 110 divide 143253?
False
Does 3 divide 56473?
False
Is 1394136 a multiple of 17?
True
Is 639 a factor of 3465297?
True
Does 36 divide 3510828?
True
Is 86550 a multiple of 74?
False
Is 11 a factor of 500631?
False
Does 10 divide 945540?
True
Is 143 a factor of 534820?
True
Is 102317 a multiple of 436?
False
Is 196995 a multiple of 301?
False
Is 18450 a multiple of 5?
True
Does 107 divide 4854?
False
Does 2 divide 17267?
False
Is 13 a factor of 562068?
True
Does 138 divide 106644?
False
Does 11 divide 202609?
True
Is 88 a factor of 715528?
True
Does 13 divide 201994?
True
Does 6 divide 124825?
False
Is 19 a factor of 1601036?
False
Is 943666 a multiple of 47?
True
Does 225 divide 268425?
True
Is 620839 a multiple of 435?
False
Is 29 a factor of 108070?
False
Is 170053 a multiple of 76?
False
Is 16 a factor of 177822?
False
Is 10365780 a multiple of 323?
False
Does 12 divide 2090796?
True
Is 9 a factor of 704111?
False
Does 3 divide 44894?
False
Does 359 divide 40926?
True
Does 49 divide 498673?
True
Is 33487 a multiple of 19?
False
Is 75020 a multiple of 67?
False
Is 136 a factor of 107485?
False
Is 593 a factor of 3974286?
True
Is 10774330 a multiple of 9?
False
Does 13 divide 291137?
False
Is 229389 a multiple of 16?
False
Is 8 a factor of 1640832?
True
Is 1513419 a multiple of 121?
False
Is 710 a multiple of 7?
False
Does 178 divide 971346?
True
Is 12032 a multiple of 94?
True
Is 5039056 a multiple of 44?
True
Is 12647144 a multiple of 357?
False
Does 16 divide 901232?
True
Is 130 a factor of 1120210?
True
Is 4 a factor of 143204?
True
Is 34332 a multiple of 8?
False
Is 5647940 a multiple of 207?
False
Is 69 a factor of 73071?
True
Does 35 divide 624575?
True
Is 2076049 a multiple of 29?
False
Is 1978329 a multiple of 26?
False
Does 5 divide 106930?
True
Is 2228160 a multiple of 48?
True
Is 164798 a multiple of 37?
True
Does 11 divide 1382095?
True
Is 2327324 a multiple of 92?
True
Is 30087 a multiple of 14?
False
Does 8 divide 51503?
False
Does 155 divide 130442?
False
Is 7 a factor of 2841164?
False
Is 166205 a multiple of 13?
True
Does 10 divide 1713672?
False
Is 882 a factor of 616388?
False
Does 357 divide 1360212?
False
Is 1908 a factor of 16126416?
True
Is 12 a factor of 2438540?
False
Is 174 a factor of 1135524?
True
Does 67 divide 480106?
False
Does 2 divide 2238?
True
Is 450065 a multiple of 167?
True
Is 33 a factor of 202012?
False
Is 48 a factor of 773712?
True
Is 2039780 a multiple of 316?
True
Is 315203 a multiple of 96?
False
Does 51 divide 7227669?
True
Does 17 divide 8370092?
False
Is 7726224 a multiple of 24?
True
Does 38 divide 91212?
False
Is 11 a factor of 381331?
False
Does 103 divide 478126?
True
Is 166146 a multiple of 16?
False
Is 5 a factor of 384244?
False
Is 130824 a multiple of 52?
False
Is 15038586 a multiple of 1182?
True
Is 310896 a multiple of 237?
False
Is 58115 a multiple of 197?
True
Is 37 a factor of 4858172?
False
Does 1044 divide 235944?
True
Is 59115 a multiple of 563?
True
Is 3628540 a multiple of 154?
False
Is 967 a factor of 1051417?
False
Is 132080 a multiple of 8?
True
Is 12449 a multiple of 5?
False
Does 1332 divide 1719612?
True
Does 517 divide 3285535?
True
Does 41 divide 51352?
False
Does 36 divide 128283?
False
Is 19 a factor of 3641141?
True
Is 207445 a multiple of 4?
False
Does 93 divide 4207935?
False
Is 681524 a multiple of 3?
False
Is 1827 a factor of 8228808?
True
Is 28 a factor of 2104424?
True
Does 30 divide 3240563?
False
Is 92083 a multiple of 50?
False
Does 3 divide 47355?
True
Does 11 divide 4371433?
True
Does 1912 divide 2426160?
False
Is 52 a factor of 904748?
True
Is 219 a factor of 911938?
False
Is 166034 a multiple of 13?
False
Is 134519 a multiple of 7?
True
Is 68 a factor of 26520?
True
Is 7794332 a multiple of 299?
True
Is 341865 a multiple of 535?
True
Is 36 a factor of 24280?
False
Does 513 divide 929856?
False
Does 10 divide 5718230?
True
Does 27 divide 304048?
False
Is 696 a factor of 19488?
True
Does 77 divide 45199?
True
Is 48 a factor of 6578544?
True
Is 520 a factor of 300902?
False
Is 73 a factor of 1453795?
True
Does 57 divide 3791868?
True
Does 216 divide 609853?
False
Does 9 divide 2797925?
False
Is 166 a factor of 1157518?
True
Is 442 a factor of 2697125?
False
Does 9 divide 94113?
True
Is 644828 a multiple of 235?
False
Is 4618352 a multiple of 51?
False
Is 119184 a multiple of 12?
True
Is 14 a factor of 395948?
True
Is 960540 a multiple of 60?
True
Is 11 a factor of 2142052?
True
Is 459 a factor of 330021?
True
Does 48 divide 179184?
True
Is 1327926 a multiple of 550?
False
Is 55 a factor of 206745?
True
Is 165 a factor of 232485?
True
Does 351 divide 255458?
False
Is 95 a factor of 191053?
False
Is 503 a factor of 566378?
True
Does 700 divide 6381945?
False
Is 4693129 a multiple of 7?
True
Does 91 divide 1269632?
True
Is 151398 a multiple of 234?
True
Is 964030 a multiple of 57?
False
Is 53490 a multiple of 30?
True
Is 848 a factor of 15304575?
False
Is 1905400 a multiple of 140?
True
Does 4 divide 1738526?
False
Does 29 divide 8929883?
True
Is 11 a factor of 505263?
True
Does 15 divide 5897520?
True
Does 14 divide 128576?
True
Is 12 a factor of 196262?
False
Is 81325 a multiple of 25?
True
Does 9 divide 909?
True
Does 201 divide 789991?
False
Does 18 divide 1922274?
True
Is 866 a factor of 1054614